the ten thousands digit of c?
5
Let m(s) = 5553*s - 4783. What is the hundreds digit of m(9)?
1
Let l(c) = c**3 - 38*c**2 - 120*c - 65. What is the units digit of l(43)?
0
Suppose 0 = 4*l + 7*q - 60873, 4*q = -25*l + 28*l - 45701. What is the units digit of l?
7
Let h = -69 - -76. Suppose 292 = h*w - 310. Let r = 196 - w. What is the tens digit of r?
1
Let a(c) = 2 + 4*c**3 + 0*c + 2*c**2 - 3*c**3 - 2*c. Suppose 2*k - 6*k = -3*o - 4, 0 = 4*k - 5*o - 12. What is the units digit of a(k)?
6
Suppose -j + 1 = 0, 13*c + 5*j - 14 = 10*c. Suppose 6 = -c*n, 275 + 299 = g + 2*n. What is the units digit of g?
8
Suppose 0 = -19*l - 107 + 449. Suppose -2*c + l + 830 = 0. What is the hundreds digit of c?
4
Let x(z) = 9*z**2 - 10*z + 16. Let r = -121 + 127. What is the units digit of x(r)?
0
Suppose -3*v + 5638066 = 254*v. What is the hundreds digit of v?
9
Let k = 218 + -62. Suppose -389 = -5*l + k. What is the tens digit of l?
0
Let a(k) = -7*k + 29. Let p(t) = -t - 10. Let c be p(-8). Let u be 5/(10/c) + -10. What is the tens digit of a(u)?
0
Suppose 4*c = 19 + 53. Suppose c*f = -5*f + 9936. What is the hundreds digit of f?
4
Suppose -3*g = -3, 4*n - 5*n + 2*g = -3. What is the tens digit of (3 - -190)*(35/n + -6)?
9
Suppose 4*a - 12*a = 85051 - 356931. What is the tens digit of a?
8
Let w(o) = 3*o + 5. Let z be w(0). Suppose -2*j = 5 + 5, z*t = -3*j - 30. What is the tens digit of 1*2 - 152*(-4 - t)?
5
Let m(r) = -2*r + 3. Let t be m(-5). Suppose 3*i - 3*q + 7 = -2*i, i + 3*q - t = 0. What is the units digit of 1 + i + 87 - -1?
0
Suppose 0*y - 10280 = -4*y. Suppose -14*q = -9*q - y. What is the hundreds digit of q?
5
Suppose 5*w = -3*x - 127, -4*x + 4*w - 38 = 110. Let p = 80 - x. What is the tens digit of p?
1
Suppose 0 = 3*n + 3*c - 49815, 27*n + 33204 = 29*n - c. Suppose -10*d + n = -457. What is the tens digit of d?
0
Let b be 4*(7 + (-26)/4). Suppose b*c = -3*a + 1624, -8*a + 4*c = -7*a - 532. What is the tens digit of a?
4
Suppose 0 = -12*c + 9*c + 12. Suppose 4*i + y - 25 = c*y, 0 = 2*y - 2. Suppose i*l = l + 498. What is the tens digit of l?
8
Let p = 397 + -656. Let m = 447 + p. What is the tens digit of m?
8
Let z(g) = 22*g**3 + g**2 - 4*g + 2. Let u be z(1). Let r(m) = m**3 - 20*m**2 - 19*m + 112. What is the hundreds digit of r(u)?
1
Let u = 53901 + -33278. What is the tens digit of u?
2
Suppose -81*v + 6*v = 79*v - 10641708. What is the tens digit of v?
0
Suppose -22*p = -28*p + 18. Suppose 3*x - 63 = -3*u, p*x + 25 = 21*u - 20*u. What is the units digit of u?
2
Suppose y - 196 = 4*v, -12*v + 16*v + 220 = -5*y. What is the tens digit of ((-5)/2)/(5/v)?
2
Let c(n) be the third derivative of -n**4/12 - 2*n**3 + 2*n**2. Let h be c(-9). Suppose 279 = -h*a + 789. What is the tens digit of a?
8
Let s(p) = 5*p**2 + 5*p**2 - p - 6*p**2 + 7 - p. Let f be s(-4). Suppose j - 17 = 3*w, -5*j - w + f + 54 = 0. What is the units digit of j?
6
Let b be (-2 - 1)*(-40)/24. Suppose 5*s + l - 152 = 0, 0*s + b*s - 154 = -2*l. What is the tens digit of (3 - 7)/(-4)*s?
3
Suppose 853*m = 823*m + 733440. What is the tens digit of m?
4
Let x = 120 + -115. What is the hundreds digit of 139 + (x - 2) - -5?
1
Suppose -p = 4 - 9. Let g(j) = -2*j**2 + 6*j + 4. Let i(h) = h**2 - 5*h - 3. Let f(r) = -3*g(r) - 4*i(r). What is the tens digit of f(p)?
6
Let x be 30/(-35)*(-1 + 8) - -10. Suppose -4*r = -2*f - 5956, -4*r + 1411 = -x*f - 4553. What is the thousands digit of r?
1
Suppose 12735 = -11*s + 42369. What is the hundreds digit of s?
6
Let b(n) = 56*n**2 - 4*n - 20. Let t be b(-6). Suppose 17*z + t = 21*z. What is the hundreds digit of z?
5
Suppose -91188 - 23324 = -3*c + t, -4*c + 4*t = -152664. What is the ten thousands digit of c?
3
Let h(n) = -79*n + 1964. What is the hundreds digit of h(-49)?
8
Suppose 20*a - 16*a = 20. Suppose a*u + 5*b - 365 = 0, -4*b = -5*u + 67 + 253. What is the units digit of u?
8
Suppose 5 - 1 = -o. Let i(m) = 36*m + 21. Let j(h) = 2*h + 5. Let w(k) = -i(k) + 3*j(k). What is the hundreds digit of w(o)?
1
Let z be 4 - 1 - (-546)/14. Let c = -40 + z. Suppose -34 - c = -4*g. What is the units digit of g?
9
Suppose -5*b + 31 = -4*o, 5*o + 7 = -3*b - 4. Let c = 606 + o. Suppose 0 = -4*r + c + 26. What is the units digit of r?
7
Let v(w) = w + 18. Suppose 20*f - 21*f + 35 = 0. Suppose -4*j - n = -3*j + 21, -4*n = -3*j - f. What is the units digit of v(j)?
1
Let l(b) = 4*b**3 + 194*b**2 + 79*b - 34. What is the tens digit of l(-45)?
6
Suppose 11 = 5*i + 41. Let o be -3 + 3/i*22*-1. What is the tens digit of (0 + -1)*1 - (-130 - o)?
3
Suppose 32 = -b + 4*a, -2*a - 20 = 3*a. What is the hundreds digit of 1045/3 + b/(-72)?
3
What is the thousands digit of -1 - -15 - 2272882/(-178)?
2
What is the thousands digit of -3 + 154/56 - (-5)/((-40)/(-25218))?
3
Suppose 0 = -8*a + 624 + 1872. Suppose 0 = 2*x - 2*l - 490, -4*x - a = -3*l - 1295. What is the tens digit of x?
4
Let l = -406 + 402. What is the units digit of 216*(-40)/48*l?
0
What is the units digit of ((-16246)/10)/(3/(-60)*4)?
3
What is the hundreds digit of (((13 - 7)/(-2))/((-1)/26546))/2?
8
Let l = 4 + 0. Suppose -4*m = -u + 4*u - 32, m - 21 = -l*u. Suppose -r = a - u*r - 46, -4*a - 4*r + 120 = 0. What is the tens digit of a?
3
What is the units digit of 92 + 8480 + -1 + -15?
6
Let b(o) = o**3 + 15*o**2 - 19*o - 18. Let m be b(-16). Suppose m*g + 162 = 33*g. Suppose g + 15 = 3*z. What is the tens digit of z?
2
Let w(k) = -155 - 34 - 336*k - 47 + 475*k. What is the units digit of w(3)?
1
Let x be 2*2 + 130 + -30. Let n be (-38)/(-10) - 2/(-10). Suppose 3*j = x + n. What is the tens digit of j?
3
Suppose 12*k + 4440 = 16*k + 26*k. Let f be (-2 + 0 + -620)/(-2). Let s = f - k. What is the tens digit of s?
6
Let q(r) = 2*r**2 + 70*r - 91. Let l be q(-42). Let i = 505 + l. What is the thousands digit of i?
1
Let x(f) = 4*f + 17. Let r be x(-7). Let p(q) be the third derivative of q**5/30 + q**4/3 - 11*q**3/6 - 2*q**2 - q. What is the hundreds digit of p(r)?
1
Let p = 486 + -381. What is the units digit of (-3)/(p/(-14))*455*1?
2
Let d(n) = 21*n - 72. Let g be d(3). What is the hundreds digit of (4785/(-22))/(g/24)?
5
Let k = 12441 + -7398. What is the thousands digit of k?
5
Let o(c) = c**2 - 4*c + 33. Let r be o(7). Let v = r + -16. What is the units digit of v?
8
Suppose 2*f + 899*h = 894*h + 30148, -3*h + 60324 = 4*f. What is the ten thousands digit of f?
1
Suppose -53 = -6*z + 13. Let j(h) = -3*h - 30. Let a be j(z). Let u = a + 90. What is the units digit of u?
7
Suppose -5 = -i - h, 2*i + 5*h + 15 = 8*h. Suppose -2*x - 2*x = -5*r - 1808, i = r. What is the tens digit of x?
5
Suppose -5*s + 285741 + 92259 = 15*s. What is the hundreds digit of s?
9
Suppose 3*l - 16 = -4. Suppose -116 = -20*n + 124. Suppose -4*o = -l*k - n, o + 4*k + 3 = -4*o. What is the units digit of o?
1
Suppose 2*s = -j + 52, -4*s = -3*j + 7*j - 216. Let m = -56 + j. Suppose m = -5*q - 5*h + 195, -q + 4*h = -17 - 22. What is the units digit of q?
9
Suppose -15*j - 132 = -21*j. Let r = 25 - j. Suppose 183 + 39 = r*k. What is the tens digit of k?
7
Let u be 5*2*3572/95. Suppose 0 = i + 5*d - u - 550, -2*i - 2*d + 1812 = 0. What is the tens digit of i?
0
Suppose 85401 = -44*k + 53*k. What is the thousands digit of k?
9
Suppose -2*g = 2*w - 14, g - 15 = -2*w - 6. Let d(b) = -14 - 2 + 14*b**2 + 13*b**2 - 9*b**2 + 13. What is the units digit of d(w)?
9
What is the units digit of 116925/75 - (-6 - 1)?
6
Suppose -8*u = -5*q - 596001, 95*q = -3*u + 91*q + 223518. What is the tens digit of u?
0
Suppose -2*j = -a - 362, -3*a - 726 = -4*j - 0*j. Let d be j/3 - (3 + 0 + -2). Suppose 4*t - d + 11 = 0. What is the units digit of t?
2
Let m = 91 - 86. Suppose -550 = -s + 5*f, f = 4*s + 2*f - 2095. Suppose m*n = 2*n + s. What is the units digit of n?
5
Let m = 32704 + -14367. What is the units digit of m?
7
Suppose 4 = 5*q - 26. Suppose -b - q = 5*b. What is the units digit of (2 - 61 - 4)*(-2 - b)?
3
Suppose x - 20 = 2*l, 0*x - 4*l + 14 = x. Let r = x - 14. Suppose r*s - 1 = 67. What is the units digit of s?
7
What is the thousands digit of 18/135 - 149893/(-15)?
9
Suppose 30126 = 8*i - 29458. What is the hundreds digit of i?
4
Let o(d) = d**3 - 13*d**2 + 5*d + 5. Let p be o(13). Suppose 12*r - 7*r - p = 0. Suppose r*s - 2571 + 457 = 0.